{"id":5383,"date":"2022-11-07T04:10:45","date_gmt":"2022-11-07T04:10:45","guid":{"rendered":"https:\/\/lesagaadventure.com\/fre\/?page_id=5383"},"modified":"2022-11-07T04:30:59","modified_gmt":"2022-11-07T04:30:59","slug":"accomodation","status":"publish","type":"page","link":"https:\/\/lesagaadventure.com\/fre\/accomodation\/","title":{"rendered":"Accomodation"},"content":{"rendered":"<p>[vc_row][vc_column width=&#8221;1\/4&#8243;][vc_single_image image=&#8221;5386&#8243; img_size=&#8221;full&#8221;][vc_single_image image=&#8221;5388&#8243; img_size=&#8221;full&#8221;][vc_single_image image=&#8221;5390&#8243; img_size=&#8221;full&#8221;][\/vc_column][vc_column width=&#8221;3\/4&#8243;][vc_column_text]<\/p>\n<div class=\"three-fifth columns\">\n<div class=\"gdlr-item gdlr-content-item\">\n<h2>Accommodation<\/h2>\n<p>Camp accommodation is the most economical and it has the advantage of immersing you in nature.<br \/>\nConcerned about the comfort of our clients, we supply 3 seater domestic tents imported from South Africa, specially designed for use in bush.<br \/>\nThey have a ventilation provided with mosquito net. For families, we supply more spacious tents.<\/p>\n<p>Each client has a foam mattress with a thickness of 7 to 8 centimeters. You only need to have a sleeping bag, towels and a headlamp or pocket.<br \/>\nAt meals, you have tables and chairs and tableware.<br \/>\nDuring a camping safari, a private cook accompanies you and prepares your daily meals from fresh produce<\/p>\n<p><strong>CAMPS<\/strong><br \/>\nWe choose campsites, equipped with sanitary facilities, toilets, and showers.<br \/>\nThese campsites have a covered dining area where the safari participants will dine. They also have a kitchen area in which the cook prepares meals<\/p>\n<p><strong>MEALS<\/strong><br \/>\nOur cooks are part of the adventure of the safari. Accompanying members on your trip, they do wonders to delight your taste buds. The Tanzanian cuisine is delicious and our cooks make varied meals on a daily<\/p>\n<p><strong>Breakfast:<\/strong>\u00a0Very rich, it is composed of pancakes, omelets, bread, margarine, jam, honey, tea, coffee, fruits.<\/p>\n<p><strong>Lunch:<\/strong>\u00a0often it comes in the form of lunch-box during day safaris: salads, chicken, samosas, fruits. On other days, lunch will be a hot meal if taken at the camp.<\/p>\n<\/div>\n<\/div>\n<p>[\/vc_column_text][\/vc_column][\/vc_row][vc_row][vc_column width=&#8221;2\/3&#8243;][vc_column_text]<\/p>\n<div class=\"gdlr-title-item\">\n<div class=\"gdlr-item-title-wrapper gdlr-item pos-left-bold \">\n<div class=\"gdlr-item-title-head\">\n<h3 class=\"gdlr-item-title gdlr-skin-title gdlr-skin-border\">TENTED CAMP<\/h3>\n<div class=\"clear\"><\/div>\n<\/div>\n<\/div>\n<\/div>\n<div class=\"clear\"><\/div>\n<div class=\"six columns\">\n<div class=\"gdlr-item gdlr-content-item\">\n<p>Le logement en \u00ab tentedcamp \u00bb est un logement luxueux au sein de la nature.<\/p>\n<p>Il s\u2019agit de tentes sur une base en dur, am\u00e9nag\u00e9es pour offrir du confort tout en \u00e9tant dans un environnement sauvage. Les tentes sont dot\u00e9es de lits surplomb\u00e9s de moustiquaires, d\u2019un petit mobilier et de sanitaires.<\/p>\n<p>Selon les campements, les \u00ab tented camp \u00bb sont plus ou moins luxueux.<\/p>\n<p>Ces logements incluent la pension compl\u00e8te.<\/p>\n<p>Vous trouverez des Tentedlodge dans les Parcs Nationaux comme le Serengeti ou alors dans des campings priv\u00e9s hors parcs, qui proposent le camping classique et des tentedcamp.<\/p>\n<\/div>\n<\/div>\n<p>[\/vc_column_text][\/vc_column][vc_column width=&#8221;1\/3&#8243;][vc_single_image image=&#8221;5396&#8243; img_size=&#8221;full&#8221;][\/vc_column][\/vc_row][vc_row][vc_column width=&#8221;2\/3&#8243;][vc_column_text]<\/p>\n<div class=\"gdlr-title-item\">\n<div class=\"gdlr-item-title-wrapper gdlr-item pos-left-bold \">\n<div class=\"gdlr-item-title-head\">\n<h3 class=\"gdlr-item-title gdlr-skin-title gdlr-skin-border\">LES LODGES<\/h3>\n<\/div>\n<\/div>\n<\/div>\n<div class=\"six columns\">\n<div class=\"gdlr-item gdlr-content-item\">\n<p>Il existe des lodges plus ou moins luxueux.<\/p>\n<p>Le lodge vous propose des chambres dot\u00e9es d\u2019une salle de bain privative. Les lits sont recouverts de moustiquaires.<\/p>\n<p>Lors de votre safari en lodge, vous y prendrez vos petits d\u00e9jeuners et vos diners.<\/p>\n<p>&nbsp;<\/p>\n<p>Nous proposons des lodges en dehors et dans les parcs nationaux.<\/p>\n<p>Hors des parcs, les \u00e9tablissements offrent des prestations qui ravissent le voyageur apr\u00e8s une journ\u00e9e de safari photo, comme la pr\u00e9sence d\u2019une piscine. Quoi de plus agr\u00e9able que de plonger dans l\u2019eau en fin de journ\u00e9e ou de boire un verre au bord du bassin.\u00a0 La v\u00e9g\u00e9tation luxuriante est \u00e9galement un atout des lodges hors parcs.<\/p>\n<p>Des salons vous permettent \u00e9galement de vous reposer ou de vous connecter au WIFI<\/p>\n<\/div>\n<\/div>\n<p>[\/vc_column_text][\/vc_column][vc_column width=&#8221;1\/3&#8243;][vc_single_image image=&#8221;5392&#8243; img_size=&#8221;full&#8221;][\/vc_column][\/vc_row]<\/p>\n","protected":false},"excerpt":{"rendered":"<p>[vc_row][vc_column width=&#8221;1\/4&#8243;][vc_single_image image=&#8221;5386&#8243; img_size=&#8221;full&#8221;][vc_single_image image=&#8221;5388&#8243; img_size=&#8221;full&#8221;][vc_single_image image=&#8221;5390&#8243; img_size=&#8221;full&#8221;][\/vc_column][vc_column width=&#8221;3\/4&#8243;][vc_column_text] Accommodation Camp accommodation is the most economical and it has the advantage of immersing you in nature. Concerned about the comfort [&hellip;]<\/p>\n","protected":false},"author":1,"featured_media":0,"parent":0,"menu_order":0,"comment_status":"closed","ping_status":"closed","template":"","meta":{"footnotes":""},"class_list":["post-5383","page","type-page","status-publish","hentry",null],"yoast_head":"<!-- This site is optimized with the Yoast SEO plugin v19.9 - https:\/\/yoast.com\/wordpress\/plugins\/seo\/ -->\n<title>Accomodation - Lesaga Adventure Safaris<\/title>\n<meta name=\"robots\" content=\"index, follow, max-snippet:-1, max-image-preview:large, max-video-preview:-1\" \/>\n<link rel=\"canonical\" href=\"https:\/\/lesagaadventure.com\/fre\/accomodation\/\" \/>\n<meta property=\"og:locale\" content=\"en_US\" \/>\n<meta property=\"og:type\" content=\"article\" \/>\n<meta property=\"og:title\" content=\"Accomodation - Lesaga Adventure Safaris\" \/>\n<meta property=\"og:description\" content=\"[vc_row][vc_column width=&#8221;1\/4&#8243;][vc_single_image image=&#8221;5386&#8243; img_size=&#8221;full&#8221;][vc_single_image image=&#8221;5388&#8243; img_size=&#8221;full&#8221;][vc_single_image image=&#8221;5390&#8243; img_size=&#8221;full&#8221;][\/vc_column][vc_column width=&#8221;3\/4&#8243;][vc_column_text] Accommodation Camp accommodation is the most economical and it has the advantage of immersing you in nature. Concerned about the comfort [&hellip;]\" \/>\n<meta property=\"og:url\" content=\"https:\/\/lesagaadventure.com\/fre\/accomodation\/\" \/>\n<meta property=\"og:site_name\" content=\"Lesaga Adventure Safaris\" \/>\n<meta property=\"article:publisher\" content=\"https:\/\/www.facebook.com\/lesagaadventure\" \/>\n<meta property=\"article:modified_time\" content=\"2022-11-07T04:30:59+00:00\" \/>\n<meta name=\"twitter:card\" content=\"summary_large_image\" \/>\n<meta name=\"twitter:label1\" content=\"Est. reading time\" \/>\n\t<meta name=\"twitter:data1\" content=\"3 minutes\" \/>\n<script type=\"application\/ld+json\" class=\"yoast-schema-graph\">{\"@context\":\"https:\/\/schema.org\",\"@graph\":[{\"@type\":\"WebPage\",\"@id\":\"https:\/\/lesagaadventure.com\/fre\/accomodation\/\",\"url\":\"https:\/\/lesagaadventure.com\/fre\/accomodation\/\",\"name\":\"Accomodation - Lesaga Adventure Safaris\",\"isPartOf\":{\"@id\":\"https:\/\/lesagaadventure.com\/fre\/#website\"},\"datePublished\":\"2022-11-07T04:10:45+00:00\",\"dateModified\":\"2022-11-07T04:30:59+00:00\",\"breadcrumb\":{\"@id\":\"https:\/\/lesagaadventure.com\/fre\/accomodation\/#breadcrumb\"},\"inLanguage\":\"en-US\",\"potentialAction\":[{\"@type\":\"ReadAction\",\"target\":[\"https:\/\/lesagaadventure.com\/fre\/accomodation\/\"]}]},{\"@type\":\"BreadcrumbList\",\"@id\":\"https:\/\/lesagaadventure.com\/fre\/accomodation\/#breadcrumb\",\"itemListElement\":[{\"@type\":\"ListItem\",\"position\":1,\"name\":\"Home\",\"item\":\"https:\/\/lesagaadventure.com\/fre\/fre\/\"},{\"@type\":\"ListItem\",\"position\":2,\"name\":\"Accomodation\"}]},{\"@type\":\"WebSite\",\"@id\":\"https:\/\/lesagaadventure.com\/fre\/#website\",\"url\":\"https:\/\/lesagaadventure.com\/fre\/\",\"name\":\"Lesaga Adventure\",\"description\":\"Adventure Safari in Tanzania, Mt Kilimanjaro Trekking\",\"publisher\":{\"@id\":\"https:\/\/lesagaadventure.com\/fre\/#organization\"},\"potentialAction\":[{\"@type\":\"SearchAction\",\"target\":{\"@type\":\"EntryPoint\",\"urlTemplate\":\"https:\/\/lesagaadventure.com\/fre\/?s={search_term_string}\"},\"query-input\":\"required name=search_term_string\"}],\"inLanguage\":\"en-US\"},{\"@type\":\"Organization\",\"@id\":\"https:\/\/lesagaadventure.com\/fre\/#organization\",\"name\":\"Lesaga Adventure\",\"url\":\"https:\/\/lesagaadventure.com\/fre\/\",\"logo\":{\"@type\":\"ImageObject\",\"inLanguage\":\"en-US\",\"@id\":\"https:\/\/lesagaadventure.com\/fre\/#\/schema\/logo\/image\/\",\"url\":\"https:\/\/lesagaadventure.com\/fre\/wp-content\/uploads\/2022\/11\/logoweb.jpg\",\"contentUrl\":\"https:\/\/lesagaadventure.com\/fre\/wp-content\/uploads\/2022\/11\/logoweb.jpg\",\"width\":160,\"height\":107,\"caption\":\"Lesaga Adventure\"},\"image\":{\"@id\":\"https:\/\/lesagaadventure.com\/fre\/#\/schema\/logo\/image\/\"},\"sameAs\":[\"https:\/\/www.facebook.com\/lesagaadventure\"]}]}<\/script>\n<!-- \/ Yoast SEO plugin. -->","yoast_head_json":{"title":"Accomodation - Lesaga Adventure Safaris","robots":{"index":"index","follow":"follow","max-snippet":"max-snippet:-1","max-image-preview":"max-image-preview:large","max-video-preview":"max-video-preview:-1"},"canonical":"https:\/\/lesagaadventure.com\/fre\/accomodation\/","og_locale":"en_US","og_type":"article","og_title":"Accomodation - Lesaga Adventure Safaris","og_description":"[vc_row][vc_column width=&#8221;1\/4&#8243;][vc_single_image image=&#8221;5386&#8243; img_size=&#8221;full&#8221;][vc_single_image image=&#8221;5388&#8243; img_size=&#8221;full&#8221;][vc_single_image image=&#8221;5390&#8243; img_size=&#8221;full&#8221;][\/vc_column][vc_column width=&#8221;3\/4&#8243;][vc_column_text] Accommodation Camp accommodation is the most economical and it has the advantage of immersing you in nature. Concerned about the comfort [&hellip;]","og_url":"https:\/\/lesagaadventure.com\/fre\/accomodation\/","og_site_name":"Lesaga Adventure Safaris","article_publisher":"https:\/\/www.facebook.com\/lesagaadventure","article_modified_time":"2022-11-07T04:30:59+00:00","twitter_card":"summary_large_image","twitter_misc":{"Est. reading time":"3 minutes"},"schema":{"@context":"https:\/\/schema.org","@graph":[{"@type":"WebPage","@id":"https:\/\/lesagaadventure.com\/fre\/accomodation\/","url":"https:\/\/lesagaadventure.com\/fre\/accomodation\/","name":"Accomodation - Lesaga Adventure Safaris","isPartOf":{"@id":"https:\/\/lesagaadventure.com\/fre\/#website"},"datePublished":"2022-11-07T04:10:45+00:00","dateModified":"2022-11-07T04:30:59+00:00","breadcrumb":{"@id":"https:\/\/lesagaadventure.com\/fre\/accomodation\/#breadcrumb"},"inLanguage":"en-US","potentialAction":[{"@type":"ReadAction","target":["https:\/\/lesagaadventure.com\/fre\/accomodation\/"]}]},{"@type":"BreadcrumbList","@id":"https:\/\/lesagaadventure.com\/fre\/accomodation\/#breadcrumb","itemListElement":[{"@type":"ListItem","position":1,"name":"Home","item":"https:\/\/lesagaadventure.com\/fre\/fre\/"},{"@type":"ListItem","position":2,"name":"Accomodation"}]},{"@type":"WebSite","@id":"https:\/\/lesagaadventure.com\/fre\/#website","url":"https:\/\/lesagaadventure.com\/fre\/","name":"Lesaga Adventure","description":"Adventure Safari in Tanzania, Mt Kilimanjaro Trekking","publisher":{"@id":"https:\/\/lesagaadventure.com\/fre\/#organization"},"potentialAction":[{"@type":"SearchAction","target":{"@type":"EntryPoint","urlTemplate":"https:\/\/lesagaadventure.com\/fre\/?s={search_term_string}"},"query-input":"required name=search_term_string"}],"inLanguage":"en-US"},{"@type":"Organization","@id":"https:\/\/lesagaadventure.com\/fre\/#organization","name":"Lesaga Adventure","url":"https:\/\/lesagaadventure.com\/fre\/","logo":{"@type":"ImageObject","inLanguage":"en-US","@id":"https:\/\/lesagaadventure.com\/fre\/#\/schema\/logo\/image\/","url":"https:\/\/lesagaadventure.com\/fre\/wp-content\/uploads\/2022\/11\/logoweb.jpg","contentUrl":"https:\/\/lesagaadventure.com\/fre\/wp-content\/uploads\/2022\/11\/logoweb.jpg","width":160,"height":107,"caption":"Lesaga Adventure"},"image":{"@id":"https:\/\/lesagaadventure.com\/fre\/#\/schema\/logo\/image\/"},"sameAs":["https:\/\/www.facebook.com\/lesagaadventure"]}]}},"_links":{"self":[{"href":"https:\/\/lesagaadventure.com\/fre\/wp-json\/wp\/v2\/pages\/5383","targetHints":{"allow":["GET"]}}],"collection":[{"href":"https:\/\/lesagaadventure.com\/fre\/wp-json\/wp\/v2\/pages"}],"about":[{"href":"https:\/\/lesagaadventure.com\/fre\/wp-json\/wp\/v2\/types\/page"}],"author":[{"embeddable":true,"href":"https:\/\/lesagaadventure.com\/fre\/wp-json\/wp\/v2\/users\/1"}],"replies":[{"embeddable":true,"href":"https:\/\/lesagaadventure.com\/fre\/wp-json\/wp\/v2\/comments?post=5383"}],"version-history":[{"count":7,"href":"https:\/\/lesagaadventure.com\/fre\/wp-json\/wp\/v2\/pages\/5383\/revisions"}],"predecessor-version":[{"id":5397,"href":"https:\/\/lesagaadventure.com\/fre\/wp-json\/wp\/v2\/pages\/5383\/revisions\/5397"}],"wp:attachment":[{"href":"https:\/\/lesagaadventure.com\/fre\/wp-json\/wp\/v2\/media?parent=5383"}],"curies":[{"name":"wp","href":"https:\/\/api.w.org\/{rel}","templated":true}]}}